25 and 75.
25
Calculate the greatest common factor of 8573967 and 34.
17
Calculate the highest common divisor of 463239 and 329175.
1197
What is the highest common divisor of 702 and 239215842?
54
What is the highest common factor of 90 and 50166855?
45
What is the greatest common divisor of 1379 and 53792623?
197
Calculate the highest common divisor of 70266 and 1131018.
294
What is the highest common divisor of 1812969 and 1743?
249
What is the highest common factor of 39052 and 409292?
52
What is the highest common factor of 99474 and 98353?
59
What is the highest common divisor of 349 and 242268820?
349
Calculate the greatest common factor of 246727 and 3926.
13
What is the highest common divisor of 727304 and 3128360?
3176
Calculate the highest common factor of 55311648 and 16.
16
Calculate the greatest common factor of 3550955 and 17930.
815
What is the highest common divisor of 442807508 and 944?
236
What is the greatest common factor of 10647 and 2007747?
63
What is the greatest common divisor of 191 and 79537175?
191
What is the greatest common divisor of 65 and 158745?
5
What is the highest common factor of 188347 and 1182959?
437
Calculate the highest common factor of 19712 and 76256.
32
What is the highest common factor of 312722873 and 2083?
2083
What is the greatest common factor of 1300 and 688563200?
1300
Calculate the greatest common divisor of 987895 and 277365.
205
What is the greatest common factor of 8601572 and 105?
7
What is the greatest common factor of 97060 and 188845?
1055
Calculate the highest common divisor of 476 and 1735717.
17
Calculate the highest common factor of 249 and 49203977.
83
Calculate the greatest common factor of 89250 and 132940850.
5950
What is the highest common divisor of 67886 and 7371?
91
What is the greatest common divisor of 4196608 and 312?
104
Calculate the highest common divisor of 1598741 and 16211.
29
Calculate the highest common factor of 7266760 and 80.
40
What is the highest common divisor of 11572827 and 16926?
651
What is the highest common divisor of 2196 and 270886482?
1098
What is the greatest common divisor of 19057 and 4466444?
323
Calculate the highest common divisor of 20 and 332724430.
10
Calculate the greatest common factor of 160 and 462285.
5
What is the highest common divisor of 443507224 and 17590?
3518
Calculate the highest common divisor of 714 and 14008302.
42
Calculate the greatest common factor of 296504477 and 26036.
6509
Calculate the greatest common divisor of 207 and 408810510.
207
Calculate the highest common divisor of 6 and 555990.
6
What is the highest common divisor of 6 and 18699663?
3
Calculate the greatest common divisor of 152953709 and 32914.
2351
What is the greatest common divisor of 187239797 and 1303?
1303
Calculate the highest common factor of 1188 and 2048652.
108
Calculate the greatest common factor of 8 and 14480968.
8
What is the greatest common factor of 21030201 and 1835?
367
What is the greatest common divisor of 6584 and 48712?
8
Calculate the greatest common factor of 14476836 and 132.
132
What is the highest common divisor of 265176 and 2135124?
4572
Calculate the highest common factor of 466635684 and 184.
92
Calculate the highest common factor of 16964168 and 221.
13
What is the greatest common factor of 16439664 and 32982?
138
What is the greatest common divisor of 945 and 874860?
105
Calculate the highest common factor of 6516 and 504847372.
724
What is the highest common divisor of 48 and 2076297?
3
Calculate the greatest common divisor of 153541 and 83051.
53
Calculate the greatest common factor of 74236 and 27700.
1108
Calculate the greatest common divisor of 3129 and 24619.
7
What is the greatest common factor of 1 and 104241107?
1
Calculate the greatest common divisor of 9148783 and 134.
67
Calculate the highest common divisor of 207140 and 34470.
10
What is the greatest common factor of 71 and 7763495?
71
Calculate the greatest common divisor of 2194745 and 4015.
365
What is the highest common divisor of 1833888 and 294?
42
Calculate the highest common divisor of 190 and 119555505.
95
Calculate the highest common divisor of 5935408 and 837632.
6544
Calculate the greatest common factor of 1879925 and 5075.
725
Calculate the greatest common divisor of 4632 and 121862709.
579
What is the greatest common factor of 12 and 64131396?
12
What is the highest common divisor of 59327253 and 2223?
171
What is the greatest common factor of 10521 and 189642194?
1169
What is the greatest common factor of 1051171 and 3168?
11
What is the greatest common divisor of 7245 and 4366005?
105
Calculate the highest common divisor of 158144058 and 3722.
3722
What is the greatest common factor of 67259 and 3110239?
653
Calculate the greatest common factor of 1238835 and 58695.
195
What is the greatest common factor of 12216170 and 2418?
62
Calculate the highest common divisor of 1494 and 8602218.
18
Calculate the greatest common factor of 1739 and 122618.
37
Calculate the highest common divisor of 13138950 and 1100.
550
What is the highest common divisor of 1392 and 161220?
12
Calculate the greatest common factor of 4664 and 519088.
8
What is the highest common divisor of 135 and 301083?
3
What is the greatest common divisor of 12831 and 274386?
987
What is the greatest common divisor of 3921 and 17509879?
1307
What is the highest common divisor of 77 and 25499738?
11
Calculate the greatest common factor of 4488932 and 224.
28
Calculate the highest common divisor of 832 and 1510044640.
416
What is the highest common divisor of 150 and 872451390?
30
Calculate the greatest common divisor of 438 and 29292126.
438
Calculate the greatest common divisor of 1527322 and 33734.
202
What is the greatest common factor of 65160 and 262940?
20
What is the highest common divisor of 169048 and 18292?
68
Calculate the highest common factor of 34005 and 38978798.
2267
What is the greatest common divisor of 11703385 and 25?
5
What is the greatest common divisor of 923545 and 175?
35
What is the greatest common factor of 1162 and 1106812?
14
What is the greatest common factor of 2859667776 and 443?
443
What is the greatest common factor of 300 and 1481076?
12
Calculate the highest common factor of 146861971 and 167.
167
Calculate the highest common divisor of 1054272 and 602718.
1938
Calculate the greatest common divisor of 92377 and 25.
1
Calculate the greatest common factor of 50 and 841010.
10
What is the greatest common factor of 16318 and 1394?
82
What is the greatest common divisor of 81 and 83900988?
27
What is the greatest common factor of 685977698 and 79?
79
Calculate the highest common factor of 14504384 and 192.
64
Calculate the greatest common divisor of 15414988 and 476.
68
Calculate the highest common divisor of 3775366 and 3472.
434
Calculate the highest common factor of 12937 and 65807.
17
What is the highest common factor of 200655 and 29379?
21
What is the highest common factor of 153581 and 11772?
109
Calculate the highest common factor of 9358305 and 3225.
645
What is the highest common divisor of 755 and 3224756?
151
What is the highest common factor of 2835 and 56994192?
81
What is the highest common factor of 106 and 4881406?
106
What is the greatest common divisor of 229 and 11568851?
229
Calculate the highest common divisor of 11400 and 5318200.
200
What is the greatest common divisor of 455808 and 174208?
128
Calculate the greatest common factor of 132 and 648300.
12
What is the greatest common factor of 3397196518 and 6667?
6667
What is the greatest common factor of 477151086 and 670?
134
Calculate the highest common divisor of 2510624 and 455600.
1072
What is the greatest common factor of 19996561 and 533?
533
Calculate the highest common factor of 36 and 70031718.
18
Calculate the highest common factor of 74 and 151062638.
74
What is the greatest common factor of 6 and 57042186?
6
Calculate the greatest common divisor of 24 and 962106.
6
Calculate the greatest common factor of 116702 and 4171.
43
What is the greatest common divisor of 154415 and 305?
5
Calculate the highest common factor of 566784 and 306147.
123
What is the greatest common factor of 2525 and 5462686?
101
Calculate the greatest common factor of 96482 and 78206278.
5078
